2*c**2 + 136*c + 49. Determine w(-45).
4
Let m(z) = 40*z + 549. What is m(-14)?
-11
Let g(m) = 2*m**2 + 929*m - 5643. What is g(6)?
3
Let q(m) = m**3 - 2*m**2 - 13*m - 23. What is q(9)?
427
Let w(c) = -2*c**3 - 92*c**2 + 90*c - 194. Calculate w(-47).
-6
Let l(h) = -55*h + 1018. Give l(18).
28
Let i(u) = -u**3 + 5*u**2 - 1205*u + 2415. Calculate i(2).
17
Let a(s) = s**3 + 12*s**2 - 15*s - 32. Calculate a(-13).
-6
Let r(i) = -3*i**2 + 101*i - 54. Give r(38).
-548
Let d(g) = 32*g**3 + 6*g**2 + 4*g. Give d(-1).
-30
Let s(x) = x**3 + 39*x**2 + 36*x - 118. What is s(-38)?
-42
Let t(k) = 334*k + 6690. Give t(-20).
10
Let b(a) = 13*a**2 + 9*a + 42. Calculate b(-5).
322
Let y(w) = 8*w - 250. What is y(37)?
46
Let j(f) = f**2 + 26*f + 68. Determine j(-18).
-76
Let q(c) = -c**3 + 12*c**2 + 21*c - 117. Calculate q(3).
27
Let p(z) = 70*z + 72. Give p(-1).
2
Let x(s) = -13*s + 1235. What is x(94)?
13
Let z(i) = 2*i**3 - 215*i**2 + 525*i - 187. Determine z(105).
-187
Let k(d) = -10*d**3 - 71*d**2 - 7*d + 2. Give k(-7).
2
Let l(q) = 671*q - 9393. What is l(14)?
1
Let h(m) = m**2 + 113*m + 1950. Calculate h(-91).
-52
Let f(x) = -68*x - 2721. Determine f(-40).
-1
Let p(o) = 133*o - 529. Determine p(4).
3
Let m(k) = 4*k**3 - 4*k**2 + 12*k - 22. Give m(3).
86
Let k(y) = -11*y**2 + 70*y - 3. Determine k(4).
101
Let p(u) = -51*u - 977. Determine p(-25).
298
Let j(v) = -v**3 - 18*v**2 - 42*v + 19. What is j(-13)?
-280
Let f(g) = 763*g**3 + 2*g**2 + 20*g - 22. Determine f(1).
763
Let l(v) = -v**2 + 70*v - 383. Determine l(55).
442
Let t(c) = -6*c**3 - 15*c**2 + 3*c + 8. Calculate t(-4).
140
Let t(d) = -d**2 + 37*d + 500. What is t(46)?
86
Let a(t) = 45*t - 39. What is a(-1)?
-84
Let f(y) = 456*y - 6369. Give f(14).
15
Let d(m) = -111*m - 13313. Calculate d(-120).
7
Let j(q) = -101*q + 565. Determine j(6).
-41
Let d(x) = -869*x + 104. Determine d(0).
104
Let o(r) = -31*r**3 - r + 2. Give o(1).
-30
Let h(r) = 3*r + 8. Determine h(13).
47
Let c(x) = -4*x**2 - 156*x + 83. Determine c(-40).
-77
Let u(d) = -d**3 - 20*d**2 - 39*d - 55. What is u(-18)?
-1
Let y(m) = -m**2 + 5*m - 7. Determine y(4).
-3
Let b(u) = -137*u - 14665. Calculate b(-107).
-6
Let n(m) = m**3 + 2*m**2 - 80*m + 17. What is n(-10)?
17
Let i(s) = -2*s**3 - 15*s**2 - 20*s - 230. What is i(-8)?
-6
Let n(w) = 12*w - 285. Determine n(-7).
-369
Let y(x) = -x**3 - 3*x**2 + 161*x + 843. Calculate y(-6).
-15
Let k(a) = -25*a + 735. Determine k(30).
-15
Let q(b) = -282*b**2 + 1973*b + 2. Give q(7).
-5
Let b(m) = 3*m**3 + 25*m**2 - 93*m - 641. Calculate b(-9).
34
Let f(k) = 4*k**2 + 2940*k + 14593. Determine f(-5).
-7
Let q(y) = 121*y - 1311. Determine q(11).
20
Let h(q) = -q - 32. What is h(-10)?
-22
Let z(o) = 29*o**2 - 131*o + 130. What is z(1)?
28
Let y(q) = -25*q**2 + 408*q - 994. Determine y(3).
5
Let i(a) = 81*a + 6179. Determine i(-76).
23
Let a(s) = s**3 - 12*s**2 + 55*s - 140. Calculate a(9).
112
Let x(n) = n**3 + 4*n**2 - 219*n - 1233. Determine x(-6).
9
Let g(x) = 6*x**2 + 7*x - 30. What is g(-5)?
85
Let x(k) = 2*k**3 + 84*k**2 - 68*k + 817. Calculate x(-43).
43
Let v(l) = 527*l + 16798. What is v(-32)?
-66
Let r(u) = u**2 - 96*u + 1918. Give r(58).
-286
Let r(v) = -v**3 + 26*v**2 + 361*v - 48. Give r(36).
-12
Let m(r) = 27*r**2 - 396*r + 10. Give m(12).
-854
Let u(l) = l**2 + 12*l - 37. Calculate u(4).
27
Let j(m) = 65*m - 168. Calculate j(3).
27
Let i(a) = 331*a**3 - a**2 - 176*a - 174. What is i(-1)?
-330
Let f(k) = -79*k - 1900. Give f(-24).
-4
Let x(q) = q - 40. Calculate x(-25).
-65
Let q(t) = -2*t**3 + 11*t**2 - 10*t + 18. Determine q(5).
-7
Let u(l) = l**2 - 43*l + 190. Give u(4).
34
Let z(h) = 133*h - 1195. Calculate z(9).
2
Let a(c) = 63*c - 635. Give a(10).
-5
Let i(r) = r**3 + 14*r**2 + 46*r + 18. Give i(-4).
-6
Let h(d) = -d**2 - 50*d - 620. Determine h(-27).
1
Let g(w) = -855*w + 2576. What is g(3)?
11
Let v(t) = 45*t**3 + 2*t**2 - 13*t - 31. What is v(-2)?
-357
Let o(p) = -p**2 - p + 200. Determine o(-14).
18
Let j(o) = -17*o - 402. What is j(-21)?
-45
Let x(z) = -z**3 + 9*z**2 - 5*z. Give x(5).
75
Let x(y) = -4*y + 4. Calculate x(16).
-60
Let a(y) = 2*y**3 + 58*y**2 - 60*y - 1. Determine a(-30).
-1
Let y(m) = -m**3 + 3*m**2 - 96*m + 304. Determine y(3).
16
Let g(z) = z**3 - 23*z**2 + 87*z + 11. Determine g(6).
-79
Let c(d) = -16*d - 522. What is c(-40)?
118
Let u(r) = -r**2 + 2039*r + 12283. Calculate u(-6).
13
Let a(y) = -18*y - 187. What is a(-11)?
11
Let c(y) = -y**3 - 60*y**2 + 118*y - 330. Calculate c(-62).
42
Let j(m) = -m**3 - 123*m**2 + 1631*m + 1461. Give j(-135).
-24
Let g(r) = -5*r - 133. Give g(-26).
-3
Let f(o) = -895*o + 797. What is f(1)?
-98
Let h(w) = 2*w**2 + 2056*w + 30383. What is h(-15)?
-7
Let x(p) = 231*p + 3470. Determine x(-15).
5
Let h(f) = -f**3 - 8*f**2 + 19*f + 186. Determine h(-6).
0
Let q(u) = u**2 + 114*u + 542. Give q(-5).
-3
Let o(v) = v**3 + 12*v**2 + 14*v + 13. Calculate o(-3).
52
Let y(q) = 3*q**3 - 192*q**2 + 85*q - 5342. What is y(64)?
98
Let c(v) = v**2 + 8*v - 3. Calculate c(-5).
-18
Let o(b) = 18*b**2 - 953*b - 46. Determine o(53).
7
Let k(x) = -32*x - 62. What is k(-12)?
322
Let a(g) = -g**3 - 9*g**2 + 49*g - 32. What is a(-13)?
7
Let h(w) = w**2 + 33*w - 186. Give h(-36).
-78
Let s(q) = 40*q**2 + 1318*q + 30. Determine s(-33).
96
Let u(k) = -12*k**3 + 375*k**2 - 93*k + 37. Calculate u(31).
37
Let w(s) = 2*s**2 + 21*s - 197. What is w(-17)?
24
Let x(k) = 3*k**2 - 33*k - 19. Calculate x(7).
-103
Let q(p) = -6*p**3 + 44*p**2 - 868*p + 5969. Calculate q(7).
-9
Let q(t) = 101*t + 74. What is q(-3)?
-229
Let u(k) = -32*k - 1597. Give u(-50).
3
Let w(i) = -i**2 - 47*i + 24. Determine w(-49).
-74
Let o(r) = r**2 - 62*r + 320. Calculate o(6).
-16
Let b(k) = k**2 - 131*k - 2511. Determine b(-17).
5
Let u(x) = 16*x**2 - 53*x - 1. Determine u(7).
412
Let y(q) = -2*q**2 - 10*q - 19. What is y(-10)?
-119
Let k(x) = -85*x - 1638. What is k(-20)?
62
Let p(d) = 159*d + 28. Give p(-2).
-290
Let t(s) = 582*s + 3387. What is t(-6)?
-105
Let z(v) = 8*v**3 - 329*v**2 + 44*v - 54. Calculate z(41).
69
Let o(s) = -31*s + 992. Determine o(31).
31
Let s(c) = -218*c - 655. Calculate s(-3).
-1
Let r(x) = x**3 - 25*x**2 - x + 38. What is r(25)?
13
Let o(z) = z**3 - 27*z**2 + 66*z - 2650. Calculate o(28).
-18
Let i(g) = 9*g + 140. What is i(-6)?
86
Let i(j) = 27*j**2 - 126*j - 190. Determine i(6).
26
Let w(x) = 2*x**2 + 22*x - 110. Calculate w(5).
50
Let b(q) = 3*q**2 + 123*q + 593. Give b(-5).
53
Let u(j) = -46*j - 539. Determine u(-6).
-263
Let d(c) = -c**3 + 14*c**2 - 11*c + 12. Calculate d(14).
-142
Let r(a) = -a**3 - 17*a**2 - 17*a - 18. Give r(-16).
-2
Let q(w) = 16*w - 52. What is q(10)?
108
Let n(q) = -22*q + 980. What is n(45)?
-10
Let z(c) = -17*c**2 - 18*c + 38. What is z(2)?
-66
Let l(d) = -d**3 - 23*d**2 - 264*d - 1443. What is l(-11)?
9
Let z(p) = -24*p + 1757. Determine z(73).
5
Let j(v) = 130*v - 2502. Calculate j(20).
98
Let i(j) = j**2 + 37*j + 55. Calculate i(-30).
-155
Let w(f) = -367*f - 5416. Give w(-15).
89
Let j(m) = 9*m**3 + m**2 - m + 7. Calculate j(-3).
-224
Let l(r) = -15*r**3 + 8*r**2 - 6*r - 1. What is l(2)?
-101
Let a(f) = -668*f**2 - 19370*f + 62. What is a(-29)?
4
Let s(m) = 24464*m + 73376. Determine s(-3).
-16
Let p(r) = r**3 - 17*r**2 + 71*r - 14. Give p(8).
-22
Let c(m) = 9*m + 162. What is c(16)?
306
Let w(v) = -143*v**2 - 860*v + 4. Give w(-6).
16
Let p(n) = n**3 + 13*n**2 + 32*n - 4. Determine p(-6).
56
Let p(h) = h**2 - 95*h - 1526. Give p(-14).
0
Let d(m) = -280*m - 14. Calculate d(-1).
266
Let l(p) = -52*p - 5261. Determine l(-101).
-9
Let p(x) = -7*x**2 - 89*x + 366. Give p(4).
-102
Let z(p) = -151*p + 774. What is z(5)?
19
Let n(j) = -3*j**3 - 53*j**2 - 54*j - 320. Determine n(-17).
20
Let m(t) = -13*t**3 + 25*t**2 + 3*t - 5. Give m(2).
-3
Let v(b) = -b**2 - 77*b + 1110. What is v(12)?
42
Let a(b) = 4*b**2 - 73*b - 8. Give a(15).
-203
Let c(b) = -7*b**2 - 71*b + 48. Calculate c(-9).
120
Let h(g) = -16*g - 323. Determine h(-16).
-67
Let v(x) = -x**3 + 50*x**2 + 221*x - 232. Give v(54).
38
Let p(h) = 208*h + 328. Calculate p(-2).
-88
Let o(c) = c**3 - 22*c**2 + 93*c + 57. Calculate o(16).
9
Let r(k) = k**3 + 27*k**2 + 93*k + 3317. Determine r(-28).
-71
Let m(r) = 16*r - 290. Give m(17).
-18
Let v(k) = k**3 + 31*k**2 + 4*k - 248